ghest common factor of j and 150?
50
Suppose -4*o + 2 + 58 = j, 4*j - 2*o - 150 = 0. What is the highest common divisor of 872 and j?
8
Let w be 8/(-18) - (-29220)/135. What is the greatest common factor of 459 and w?
27
Suppose -4*f - 265 = 5*r - 0*r, 270 = -5*r - 5*f. Suppose 4*w = 13*w - 936. Let a = w + r. What is the highest common divisor of a and 385?
55
Let u(q) = 80*q - 1026. Let n be u(13). Calculate the highest common factor of n and 1484.
14
Suppose 36*x - 41*x = -5*m - 110, 4*x - 128 = -4*m. What is the highest common factor of 144 and x?
9
Suppose 0 = -29*r - 139*r + 3172 - 316. What is the greatest common factor of 1649 and r?
17
Let v(k) = 18*k**2 - 18*k - 84. Let y be v(-4). What is the greatest common divisor of 920 and y?
92
Let p(l) = 1. Let y(x) = 11*x + 14. Let o(q) = -4*p(q) + y(q). Let v be o(4). Calculate the highest common divisor of v and 36.
18
Suppose 0 = 2*t - 2*g - 482, 0 = t + 2*g + 2*g - 241. Suppose -6*m + 353 = -t. What is the highest common factor of m and 9?
9
Let q(b) = 4*b**2 - 16*b + 27. Let p be q(4). Let j be (2/(-3))/(58/(-8613)). Calculate the highest common divisor of p and j.
9
Let g = 181 + -173. Suppose -4 + 20 = g*m. What is the highest common factor of m and 64?
2
Let y be (17 + -2 + -14)/(1/(-5)). Let s be (-3)/(-2)*((-430)/(-30) + y). Calculate the greatest common factor of 686 and s.
14
Let r = -3096 - -3796. What is the greatest common divisor of r and 56?
28
Let q(c) = 168*c - 5868. Let g be q(39). What is the highest common divisor of 19 and g?
19
Let u be ((-11)/(33/12))/(-2). Let j = 486 + u. Calculate the greatest common divisor of 61 and j.
61
Suppose 18*g + 5520 = 23*g. Calculate the highest common divisor of g and 36.
12
Suppose -1 = -s, -5*z + 27*s = 22*s - 135. Let x be (396/7)/(6/z). Calculate the greatest common divisor of x and 96.
24
Let l be ((-14595)/(-14))/3 + (-1)/(-2). Suppose 85 = -5*c - i + 520, 2*i = -4*c + l. Calculate the highest common divisor of 29 and c.
29
Let r be (-1 - -1) + (1 - 36)*1. Let g = 193 - r. Calculate the highest common factor of 12 and g.
12
Suppose -w - 3*g = -294, 4*g + 1304 - 96 = 4*w. Let q = w + -284. What is the highest common factor of q and 72?
8
Suppose 5*x + 6 = 36. Let c be (-2)/(-6)*(x + (-44 - -5)). Let o = c + 77. Calculate the highest common factor of o and 6.
6
Suppose -144*q + 58494 = -50946. Calculate the highest common factor of q and 285.
95
Let o be (-1722)/(-328)*8/7. Calculate the greatest common divisor of o and 1140.
6
Let d be (6027/(-28) - -5)*-4 + 0 + 0. Calculate the highest common factor of d and 29.
29
Suppose -365*u - 79632 = -393*u. What is the highest common divisor of u and 60?
12
Suppose -11*s + 70*s = 32627. What is the highest common divisor of s and 158?
79
Let a(i) = -i**3 - 10*i**2 - 18*i - 7. Let t be a(-9). Let k = t - 51. Suppose 0 = -46*p + 52*p - 138. What is the highest common factor of k and p?
23
Let f be 12*((-87)/(-9) - -1). Suppose -35*w = 2104 - 13759. Let u = 341 - w. Calculate the greatest common divisor of f and u.
8
Let n be (144/10)/(19/570). What is the highest common divisor of n and 9828?
108
Suppose 5*r = 2*z - 2, -5*z = -4*r + 7*r - 5. Suppose 15*o + 4*o - 7106 = r. What is the greatest common factor of 11 and o?
11
Let k = 8748 + -5708. Calculate the greatest common factor of 64 and k.
32
Suppose 0 = 5*c + 10, 2*c - 3*c - 26 = -8*y. Let p = 11 - 7. Suppose p*n - 89 = y. Calculate the highest common divisor of 184 and n.
23
Let c be ((-4)/9*3)/((-68)/51). Let u be 42*c + 3*(-20)/(-12). Let n be 1*1*-1 + 424. What is the highest common divisor of u and n?
47
Let c be 2/(-9) + (-7 - (-640)/45). Suppose 12*s = -c - 5. Let u be (-1 + -30 - s)/(-2). Calculate the highest common divisor of u and 165.
15
Suppose 0 = -4*t + 3*a + 79, 0 = -10301*t + 10304*t + a - 56. Suppose b - 5*b - 2*n + 766 = 0, 0 = n - 3. Calculate the highest common divisor of b and t.
19
Let k = -62 - -95. Let r be -5 + -1 + 867 + 0. Let x = -498 + r. What is the greatest common factor of k and x?
33
Suppose -21*g - 3242 = 76. Let q = 318 + g. Calculate the highest common divisor of q and 10.
10
Let j(y) = -y**3 - 2*y**2 + 83*y + 408. Let o be j(-7). Let d(l) = 108*l**2 + l - 1. Let i be d(1). Calculate the highest common divisor of i and o.
36
Suppose -4*b - 7 = -7. Suppose -8*t + 9*t - 6 = b. Let l(o) = o**2 - 5*o - 12. Let n be l(11). Calculate the greatest common divisor of t and n.
6
Suppose 0 = 175*j - 152249 - 418951. What is the greatest common factor of 561 and j?
51
Let g(x) = -9*x**3 - 21*x**2 + 55*x - 3. Let a be g(-7). Calculate the highest common divisor of a and 55.
5
Let d = -10720 + 10897. What is the greatest common factor of 4897 and d?
59
Suppose 59*h - 56*h = 345. Suppose -h*i - 2277 = -126*i. Calculate the highest common factor of i and 138.
69
Let g = 4805 - 3657. Calculate the highest common factor of g and 164.
164
Suppose 3984 = 10*h - 2*h. Suppose 0 = 5*q - h - 57. Let v = -98 + q. Calculate the highest common factor of v and 104.
13
Let h be 14/(-49) + (-1682)/(-7). Let c be (2/5)/(12/h). Suppose 6*i - c = 22. Calculate the highest common divisor of 15 and i.
5
Let t(v) = -3*v - 10. Let k be t(-5). Suppose -4*r + 3*y - 1487 = 0, -1447 = 4*r - 0*r + k*y. Let b = -224 - r. What is the highest common divisor of b and 16?
16
Let h be 465817/1309 - 8/(-7). Calculate the highest common factor of h and 289.
17
Suppose -3*l + 23 = -j, 5*l - 24 = 5*j + 11. Suppose -5*s - 117 = -l*s. Suppose s - 347 = -v. What is the highest common divisor of v and 44?
44
Let n(w) = -518*w - 39. Let s be n(-6). What is the greatest common factor of 297 and s?
99
Let j(m) = -m**3 + 2*m**2 - m + 3. Let g be j(2). Suppose -7*k = -w - 4*k + 4, g = -k. What is the highest common divisor of 29 and w?
1
Suppose -696 = -0*o - 6*o. Let b = -60 - 29. Let p = o + b. What is the greatest common factor of p and 27?
27
Suppose 12324 = 57*n - 16860. What is the highest common factor of 96 and n?
32
Let j(g) = g**2 - 24*g - 101. Let n be j(-17). Let b = n + -120. What is the greatest common divisor of 68 and b?
68
Suppose 30180 = 3*v - 3*y + 6*y, 4*y + 30152 = 3*v. What is the highest common factor of v and 48?
24
Suppose 153*r - 20598 = 822. Calculate the greatest common factor of 56 and r.
28
Let f = 1116 - -92. Suppose 8*c - 4*c + f = 0. Let b be 2/(-10) - c/10. Calculate the greatest common divisor of 10 and b.
10
Suppose 10 = 5*s - 20. Suppose s = 5*c - 134. Calculate the greatest common divisor of 56 and c.
28
Let m(t) = -t**2 + 18*t - 53. Let y be m(11). Calculate the highest common factor of y and 4524.
12
Let c(b) be the first derivative of b**3/3 + 2*b**2 - 6*b - 26. Let i be c(3). Let x = i + 23. Calculate the highest common factor of 57 and x.
19
Let j = 393 + -390. Suppose -7*q + 1245 = 5*a - 2*q, 2*a - 488 = j*q. What is the highest common divisor of a and 57?
19
Suppose 0 = -4*y + 10*u - 15*u + 272, 5*y + 2*u - 323 = 0. Let z = 353 + y. Calculate the greatest common divisor of z and 16.
16
Let l be 84/(-126)*((-3759)/2 - 3). What is the greatest common factor of 5 and l?
5
Suppose 16*d = 11*d - 265. Let m = d + 91. Let f be -1 - -2 - (-260 + -5). Calculate the greatest common divisor of f and m.
38
Let t(u) = -12*u + 202. Let l be t(0). Suppose 0 = -d - 5*v + 9*v + 217, d + v - l = 0. Calculate the greatest common divisor of d and 164.
41
Let q(z) = -16*z + 19. Let g be q(-13). Let k = g + -158. What is the highest common factor of 23 and k?
23
Let k be (-1 + -3)/((-12)/(-4620)*-7). Calculate the greatest common divisor of k and 25.
5
Suppose 4*q = -2*f - 14, 9 = -2*f - 5*q - 9. What is the greatest common factor of 103 and f?
1
Let v = 848 + -578. Suppose 4*d + 6*x = x + v, 0 = -3*d - 2*x + 206. What is the greatest common factor of d and 40?
10
Suppose -5*q - 5*c = -55, -4*c + 0*c = 5*q - 56. Suppose -3*z + 315 = -0*z - 3*k, 3*k + 111 = z. Calculate the highest common divisor of z and q.
6
Let y = 6099 + -5615. Calculate the greatest common factor of 2 and y.
2
Let l(b) be the third derivative of b**5/30 - 11*b**4/24 - 37*b**3/6 + 4*b**2. Let a be l(12). What is the highest common divisor of 34 and a?
17
Suppose -x - 8 = n + 7, 51 = -3*x + 3*n. Suppose 0 = -2*h - 2 + 4. Let v be 90 - h - (x - -13). Calculate the gr